 1507.
11, 137
What are the prime factors of 152431?
313, 487
List the prime factors of 2142.
2, 3, 7, 17
What are the prime factors of 4549?
4549
List the prime factors of 3151.
23, 137
List the prime factors of 5320.
2, 5, 7, 19
What are the prime factors of 8090?
2, 5, 809
List the prime factors of 27264.
2, 3, 71
List the prime factors of 5752.
2, 719
What are the prime factors of 2887?
2887
What are the prime factors of 13764?
2, 3, 31, 37
What are the prime factors of 2022?
2, 3, 337
List the prime factors of 209.
11, 19
List the prime factors of 51196.
2, 12799
List the prime factors of 11960.
2, 5, 13, 23
List the prime factors of 4104.
2, 3, 19
List the prime factors of 1790.
2, 5, 179
List the prime factors of 45735.
3, 5, 3049
What are the prime factors of 133463?
11, 1103
List the prime factors of 2857.
2857
What are the prime factors of 437?
19, 23
What are the prime factors of 10839?
3, 3613
What are the prime factors of 378?
2, 3, 7
What are the prime factors of 68049?
3, 7561
What are the prime factors of 1853?
17, 109
List the prime factors of 81509.
81509
What are the prime factors of 24607?
11, 2237
List the prime factors of 1045.
5, 11, 19
List the prime factors of 41826.
2, 3, 6971
What are the prime factors of 108205?
5, 17, 19, 67
List the prime factors of 77576.
2, 9697
What are the prime factors of 43633?
43633
What are the prime factors of 2667?
3, 7, 127
List the prime factors of 137636.
2, 19, 1811
What are the prime factors of 12340?
2, 5, 617
What are the prime factors of 986?
2, 17, 29
List the prime factors of 656.
2, 41
What are the prime factors of 5147?
5147
What are the prime factors of 819?
3, 7, 13
What are the prime factors of 2594?
2, 1297
List the prime factors of 118252.
2, 17, 37, 47
List the prime factors of 33623.
33623
What are the prime factors of 19245?
3, 5, 1283
List the prime factors of 9242.
2, 4621
List the prime factors of 8554.
2, 7, 13, 47
What are the prime factors of 127434?
2, 3, 67, 317
What are the prime factors of 1236?
2, 3, 103
What are the prime factors of 12882?
2, 3, 19, 113
What are the prime factors of 33097?
23, 1439
List the prime factors of 96.
2, 3
What are the prime factors of 203798?
2, 7, 14557
What are the prime factors of 74655?
3, 5, 7, 79
What are the prime factors of 34735?
5, 6947
What are the prime factors of 994?
2, 7, 71
List the prime factors of 580.
2, 5, 29
What are the prime factors of 6244?
2, 7, 223
What are the prime factors of 2547?
3, 283
What are the prime factors of 6105?
3, 5, 11, 37
What are the prime factors of 659?
659
What are the prime factors of 57811?
13, 4447
List the prime factors of 1245.
3, 5, 83
What are the prime factors of 42594?
2, 3, 31, 229
What are the prime factors of 1881?
3, 11, 19
What are the prime factors of 1711?
29, 59
What are the prime factors of 20887?
20887
What are the prime factors of 21739?
21739
List the prime factors of 6694.
2, 3347
List the prime factors of 1538.
2, 769
List the prime factors of 47241.
3, 29, 181
List the prime factors of 6614.
2, 3307
What are the prime factors of 4118?
2, 29, 71
What are the prime factors of 636?
2, 3, 53
List the prime factors of 11101.
17, 653
What are the prime factors of 509?
509
What are the prime factors of 3426?
2, 3, 571
List the prime factors of 14996.
2, 23, 163
What are the prime factors of 3568?
2, 223
List the prime factors of 72823.
72823
What are the prime factors of 2418?
2, 3, 13, 31
What are the prime factors of 6?
2, 3
What are the prime factors of 10261?
31, 331
List the prime factors of 1609.
1609
What are the prime factors of 15011?
17, 883
List the prime factors of 189.
3, 7
What are the prime factors of 10495?
5, 2099
List the prime factors of 297.
3, 11
List the prime factors of 54134.
2, 27067
List the prime factors of 2532.
2, 3, 211
List the prime factors of 895.
5, 179
List the prime factors of 59738.
2, 7, 17, 251
List the prime factors of 348.
2, 3, 29
What are the prime factors of 2121?
3, 7, 101
List the prime factors of 48558.
2, 3, 8093
What are the prime factors of 5947?
19, 313
What are the prime factors of 401?
401
List the prime factors of 3323.
3323
What are the prime factors of 35318?
2, 17659
List the prime factors of 11503.
11503
List the prime factors of 686.
2, 7
What are the prime factors of 1637?
1637
What are the prime factors of 160540?
2, 5, 23, 349
What are the prime factors of 583?
11, 53
What are the prime factors of 6441?
3, 19, 113
What are the prime factors of 1798?
2, 29, 31
What are the prime factors of 1045?
5, 11, 19
What are the prime factors of 23?
23
List the prime factors of 3894.
2, 3, 11, 59
List the prime factors of 8.
2
List the prime factors of 9478.
2, 7, 677
List the prime factors of 175.
5, 7
What are the prime factors of 3107?
13, 239
What are the prime factors of 17517?
3, 5839
List the prime factors of 15356.
2, 11, 349
List the prime factors of 30548.
2, 7, 1091
What are the prime factors of 3222?
2, 3, 179
What are the prime factors of 4941?
3, 61
List the prime factors of 131.
131
List the prime factors of 33959.
29, 1171
List the prime factors of 1392.
2, 3, 29
What are the prime factors of 1953?
3, 7, 31
What are the prime factors of 1822?
2, 911
What are the prime factors of 11195?
5, 2239
What are the prime factors of 1163?
1163
What are the prime factors of 2350?
2, 5, 47
List the prime factors of 1339.
13, 103
What are the prime factors of 274?
2, 137
List the prime factors of 2385.
3, 5, 53
List the prime factors of 5348.
2, 7, 191
What are the prime factors of 20527?
13, 1579
What are the prime factors of 49052?
2, 12263
What are the prime factors of 88794?
2, 3, 4933
What are the prime factors of 17039?
11, 1549
List the prime factors of 183.
3, 61
What are the prime factors of 386?
2, 193
What are the prime factors of 9773?
29, 337
What are the prime factors of 3169?
3169
What are the prime factors of 2153?
2153
What are the prime factors of 953?
953
List the prime factors of 739.
739
List the prime factors of 1633.
23, 71
List the prime factors of 29454.
2, 3, 4909
What are the prime factors of 2548?
2, 7, 13
List the prime factors of 43984.
2, 2749
List the prime factors of 12740.
2, 5, 7, 13
List the prime factors of 104547.
3, 34849
List the prime factors of 3328.
2, 13
List the prime factors of 151.
151
List the prime factors of 37843.
13, 41, 71
What are the prime factors of 1524?
2, 3, 127
List the prime factors of 10385.
5, 31, 67
What are the prime factors of 4918?
2, 2459
What are the prime factors of 38618?
2, 19309
What are the prime factors of 8706?
2, 3, 1451
List the prime factors of 20216.
2, 7, 19
What are the prime factors of 989?
23, 43
What are the prime factors of 7399?
7, 151
List the prime factors of 1152.
2, 3
List the prime factors of 3315.
3, 5, 13, 17
List the prime factors of 32283.
3, 17, 211
List the prime factors of 1326.
2, 3, 13, 17
What are the prime factors of 2189?
11, 199
What are the prime factors of 11498?
2, 5749
List the prime factors of 657.
3, 73
What are the prime factors of 20181?
3, 7, 31
What are the prime factors of 2320?
2, 5, 29
List the prime factors of 2912.
2, 7, 13
What are the prime factors of 1160?
2, 5, 29
What are the prime factors of 2121?
3, 7, 101
List the prime factors of 2236.
2, 13, 43
What are the prime factors of 7580?
2, 5, 379
List the prime factors of 625.
5
List the prime factors of 80538.
2, 3, 31, 433
List the prime factors of 576.
2, 3
What are the prime factors of 2106?
2, 3, 13
What are the prime factors of 7987?
7, 163
What are the prime factors of 1346?
2, 673
What are the prime factors of 4937?
4937
What are the prime factors of 31994?
2, 17, 941
List the prime factors of 60279.
3, 71, 283
List the prime factors of 2635.
5, 17, 31
What are the prime factors of 344?
2, 43
What are the prime factors of 40349?
157, 257
List the prime factors of 6767.
67, 101
List the prime factors of 7403.
11, 673
What are the prime factors of 42899?
42899
What are the prime factors of 1017?
3, 113
What are the prime factors of 4805?
5, 31
List the prime factors of 38437.
7, 17, 19
What are the prime factors of 32162?
2, 13, 1237
What are the prime factors of 109712?
2, 6857
What are the prime factors of 534?
2, 3, 89
List the p